 49*n - 659. Let j be h(11). Is (-30)/45*(d + j*-1) a multiple of 4?
False
Let g be 257/7 - 4/(-14). Suppose -4*n + 2*i = -90, 5*n - 3*i = 121 - 9. Let q = n + g. Is q a multiple of 12?
True
Let f = -2734 + 6034. Does 12 divide f?
True
Let f(l) = -l**2 - 4*l + 140. Let y be f(-14). Suppose 4*t + 868 = 2*x + 6*t, 5*x - 2*t - 2149 = y. Is x a multiple of 18?
False
Suppose 12*i + 3168 = 8*i. Let x = -633 - i. Is 15 a factor of x?
False
Let x = -26384 - -39875. Is x a multiple of 13?
False
Let c(k) = -6*k**3 - 3*k**2 - 2*k - 1. Let s be c(-1). Suppose -s*i + 78 = -158. Does 8 divide i?
False
Suppose 0 = 4*l - 8, 2*q - 262*l - 14644 = -261*l. Is q a multiple of 87?
False
Let a(p) = p**3 + 39*p**2 + 29*p + 295. Is a(-37) a multiple of 10?
True
Let u(p) = -p**2 + 9*p + 80. Let z be u(18). Let b = z + 212. Is b a multiple of 13?
True
Let a = -1078 - -2130. Suppose a = 5*m - 498. Does 21 divide m?
False
Let a(v) be the first derivative of 4*v**3/3 + 9*v**2 - 11*v - 28. Does 11 divide a(-7)?
False
Let p be (1 + 2 + 0)*(9 + -29). Let n = p - -71. Suppose 0 = -n*x + 18*x - 1092. Is x a multiple of 13?
True
Let q(y) = 76*y - 2. Let p(b) = -b**2 + 6*b - 7. Let r be p(5). Let f(n) = 38*n - 1. Let c(i) = r*q(i) + 5*f(i). Does 26 divide c(1)?
False
Let m(k) = k**3 - 5*k**2 - k + 5. Let i be (3/4)/((-7)/28). Let b be m(i). Let r = b - -93. Is 10 a factor of r?
False
Suppose -4*y + 11 = 75. Let d(k) = 4*k - 27. Let c be d(y). Let v = c + 121. Is v a multiple of 6?
True
Suppose 0 = -65*l + 67*l - 14. Suppose -21 = l*q - 4*q. Let a(m) = m**2 + m - 8. Is 15 a factor of a(q)?
False
Does 18 divide 4958/(((-460)/(-45) + -10)/2)?
True
Suppose 0 = -3*m + 4*m - 2. Suppose -4*f + 19 = s - 3*f, 32 = m*s - 4*f. Is s a multiple of 17?
False
Suppose 476*y = 205*y + 1731690. Is 5 a factor of y?
True
Let u = -6775 - -11688. Does 17 divide u?
True
Let u(o) = 2*o**3 + 9*o**2 + 34. Let f be u(-5). Suppose -f*p + 6945 = 906. Does 61 divide p?
True
Is 12 a factor of (8 + (-8 - -1709))/(7/49)?
False
Suppose 71*u + 10170 = 77*u. Is 113 a factor of u?
True
Let a = 52 + -39. Suppose 0 = -6*t + 1 - a. Let n(w) = -19*w - 6. Is n(t) a multiple of 9?
False
Suppose -3*c - 3*n = -384, 2*n = -4*c - c + 640. Is 8 a factor of (-133 + 128)/((-2)/c)?
True
Let i(y) = 6*y - 21. Let n be i(19). Let a = 155 - 217. Let s = n + a. Does 18 divide s?
False
Suppose 4*i - 20 = p, 5*p - 7 = -5*i + 18. Suppose -i*a + 0*r + 88 = 3*r, 16 = -4*r. Is 20 a factor of a?
True
Let a(n) be the first derivative of -n**4/4 + 8*n**3/3 - n**2/2 - 14*n - 13. Let d be (12/(-15))/(6/(-45)). Is a(d) a multiple of 26?
True
Let k(m) = -m**3 - 17*m**2 - 55*m + 20. Let h be k(-13). Suppose h*p = 57*p + 1288. Is 43 a factor of p?
False
Let z(c) = -c**2 - 14*c + 20. Let t = -50 - 6. Let m = t - -41. Is z(m) a multiple of 4?
False
Does 35 divide (8302/10)/((-3)/(-75))?
True
Let k = 459 - -127. Suppose 0 = 29*w - 4982 - k. Does 4 divide w?
True
Let d(k) be the first derivative of -k**4/4 - 8*k**3/3 + 11*k**2/2 + k - 508. Let l be (-1)/(-3) - (-31)/(-3). Does 13 divide d(l)?
True
Let h = 137779 + -89563. Is 147 a factor of h?
True
Let y(h) = -h**3 + 3*h**2 + 2*h + 1. Let b be y(3). Let l(x) = -15 - b*x + 8*x**2 - 9*x**2 - 12*x. Is l(-9) a multiple of 11?
False
Does 127 divide 468552/35 + -3 + 24/30?
False
Let o = 20654 - 20052. Is o a multiple of 24?
False
Let q be 138/8 - (-16)/(-64). Suppose 1 = 9*r - q. Suppose -r*w = h - 189, 2*h - 282 = -3*w - h. Does 15 divide w?
False
Suppose 0*n - 14 = -7*n. Let s be (-224)/(-22) + (-6)/33 - n. Suppose 0 = 10*b - s*b - 74. Is b a multiple of 19?
False
Let u(p) = -p**2 - 18*p - 18. Suppose -32*g - 18 = -29*g. Is u(g) a multiple of 41?
False
Suppose 74*t - 49*t - 5500 = 0. Does 104 divide t?
False
Let q = 52 + -50. Let l = 22 - q. Does 4 divide 15*(56/l + -1)?
False
Let k be (-754 - 4)/(8/24). Is (k/(-27) - 1) + 58/(-261) a multiple of 5?
False
Suppose -3*l - 8*l = -66. Let j(v) = 3*v + 15. Is j(l) a multiple of 4?
False
Let s = -2603 - -7226. Is s a multiple of 23?
True
Suppose -3*d - 3615 = 7*x - 10*x, -5*d + 3663 = 3*x. Is 30 a factor of x?
False
Suppose 47 = 2*m - 3*f + 9, 0 = -m - 4*f - 3. Suppose 96 - 16 = p. Let v = p + m. Is 35 a factor of v?
False
Let t(p) = -p**3 + 18*p**2 + 19*p + 21. Let d be t(19). Is 9 a factor of (-677)/(-3) + -3 + 28/d?
False
Let q(b) = 2073*b**2 + 3*b - 1. Let d be q(-1). Suppose 26*l + 3*h = 25*l + 694, 4*h = 3*l - d. Does 12 divide l?
False
Let r be ((-10)/(-6))/(19/57). Let f(k) = -k**3 + 5*k**2 + 3. Let p be f(r). Suppose -5*t - 163 = -p*y, y - 5*t = -t + 59. Is 7 a factor of y?
False
Let x = -13685 + 17491. Is x even?
True
Suppose 0 = 5*c + 15, 0 = 3*j - 4*j + 5*c - 432. Let w(f) = 6*f**3 + 42*f**2 - 42*f - 35. Let o be w(-9). Let d = j - o. Does 10 divide d?
False
Let q(w) = -13*w + 48. Let s(t) = -5*t. Let a(c) = -q(c) - 2*s(c). Is 19 a factor of a(12)?
True
Let r(d) = -2*d - 2. Let p be r(0). Let h be (-18)/(-4)*p*1. Let z = 30 - h. Does 12 divide z?
False
Suppose b = 3*a - 4, -3*b = 3*a - 1 - 11. Suppose 0*f - 3*g + 456 = a*f, 0 = -3*g. Is 12 a factor of f?
True
Let h be (11 - 3)*(-2)/(-4). Suppose 2*c = -3*c - 4*i - 294, h*c + 3*i + 235 = 0. Let p = 120 + c. Does 31 divide p?
True
Suppose 1587 = 6*k + 1539. Is 4054/8 + 2/k a multiple of 13?
True
Let k(c) = c**3 + 91*c**2 + 151*c - 2370. Is k(-85) a multiple of 10?
False
Suppose -4*q + 26 + 2 = 0. Suppose -2*a + 1 = -5*k + 32, 2*k + a - q = 0. Does 12 divide -4 - 5/k*-16?
True
Does 22 divide 176/(-12)*33*(-3 - 2 - 6)?
True
Let h = 26059 - 20844. Does 2 divide h?
False
Suppose -2*y = 2*o, -2*y + 30 = -5*o + o. Suppose 27 = -y*h - 3. Let s = h + 18. Is s a multiple of 3?
True
Let g = 129 - 47. Suppose -4*j + 2*j - 110 = 0. Let f = g + j. Is f a multiple of 3?
True
Suppose -61*i + 23788 - 29629 = -78553. Does 6 divide i?
False
Let c(b) = -759*b + 2479. Does 24 divide c(-26)?
False
Is 96257*5/135 + -12 + (-2254)/(-189) a multiple of 31?
True
Let b = 7551 - -2368. Is 13 a factor of b?
True
Suppose -69*h - 36*h + 576555 = 0. Is h a multiple of 16?
False
Suppose -2*s - 1186 = 8390. Does 27 divide s/(-45) - ((-6)/(-5))/3?
False
Let q(j) = 15*j - 2. Let h = -104 + 150. Let l = h + -37. Does 23 divide q(l)?
False
Suppose -6 = -4*b + 2*b. Let p(o) = 3*o**3 - o. Let r be p(b). Does 21 divide 4 + r + -1 + 3?
True
Suppose 6*l - 125217 = 5*t, 3*l - 4*t = -9*t + 62586. Is l a multiple of 77?
True
Suppose 0 = 17*p - 12*p - 30, -5*x = -3*p - 2892. Is x a multiple of 45?
False
Suppose -70236 = -5*u + 5*f + 57784, 3*f + 102408 = 4*u. Does 81 divide u?
True
Suppose 1668 = c + 2*h - 7*h, 0 = c - 4*h - 1671. Suppose p - c = -4*z, -5*z + 1275 = -2*z + 5*p. Does 12 divide z?
True
Let r be 2/5 + 32/20. Suppose 3*t + 3*a - 546 = 0, 0 = r*t + 4*a - 201 - 155. Suppose 10*n - t = 744. Does 31 divide n?
True
Let b = 23 + -11. Let m = 126 - b. Let j = -14 + m. Is 20 a factor of j?
True
Let t(l) = 282*l**2 - 31*l + 53. Is 2 a factor of t(2)?
False
Suppose 5*z - 2*v = 22948, -3*v - 25 = -43. Is 139 a factor of z?
False
Let x = 12676 + 2089. Is x a multiple of 18?
False
Let x be 5*1 + 8 + -11. Suppose x*w + 5*w = 35. Let b = w + 19. Is b a multiple of 18?
False
Let h(d) = -d**2 - 17*d - 10. Suppose 4*a + 5*s + 2 - 107 = 0, -10 = -2*s. Let z = a + -31. Is h(z) a multiple of 14?
True
Let z = -19 + -3. Let y = -17 - z. Suppose y*h = 2*t - 73, t - 3*h = 15 + 22. Does 5 divide t?
False
Is 330*(-26)/273*-49 a multiple of 77?
True
Suppose 9*r + 10 = 11*r. Suppose -5*g + 0*n - 195 = 5*n, -r*g = 4*n + 192. Let w = g + 59. Is 3 a factor of w?
False
Let j(y) = -y**2 - 6*y + 7. Let a = -22 + 17. Let z be j(a). Suppose 10*m + 40 = z*m. Does 3 divide m?
False
Let v = 23 + 49. Let c = -56 + v. Suppose c = 4*n, -s + 37 = 2*n - 83. Is s a multiple of 41?
False
Is 18468/48*(-48)/(-18) a multiple of 3?
True
Let b = -1714 - -2445. Let r = -186 + b. Is r a multiple of 21?
False
Let b = 7022 - -2190. Is 47 a factor of b?
True
Suppose j + 3*f = -84, 7*j + 4*f = 5*j - 178. Let h = j + 135. Does 10 divide 18/h + (-159)/(-2)?
True
Suppose -2*o = 8, o - 4*o = -u + 17. Suppose 13 + 2 = u*x. Suppose -x*a = -3*f + 6*f - 24, f = 3*a - 4. Is 4 a factor of f?
False
Let u(g) = -g**2 - 22*g - 39. Let i be u(-2). Let a(l) = 756*l**2 - l + 1. Does 28 divide a(i)?
True
